- 2*j + 1. Suppose 26*r + 84 = -20. What is g(r)?
-23
Let x(v) = -2*v**2 + v**2 - 3*v + 3 + 5*v + v. Let k(r) = -r - 3. Let g be k(12). Let t be ((-24)/g)/(4/10). Determine x(t).
-1
Let h(n) = -2*n - 11 + 4*n - 5*n - 2*n + n**2. Let s be h(7). Suppose -s*o + 0*o = 0. Let k(q) = -q - 2. Give k(o).
-2
Let t(h) be the third derivative of h**5/60 - 5*h**3/2 - 457*h**2. Let m(f) = f + 2. Let y be m(-2). Determine t(y).
-15
Let d(u) = -u**3 + 7*u**2 + 7*u - 11. Suppose -3*n + 10 + 30 = 4*s, 0 = -4*n - 3*s + 44. What is d(n)?
-19
Let h(q) = -12*q**2 + 1. Suppose 5*v - 8 = n - 0*n, -2*n = 2*v - 8. Let s = -8 + 11. Suppose -s = -g - v. Determine h(g).
-11
Let a(u) = u**2 - 7*u - 10. Let y = 106 + -45. Suppose -89 = -4*n - y. What is a(n)?
-10
Suppose 3*y + 4*z + 13 = 0, -3*z + 4 = -3*y + 2*z. Let k(h) = 7*h + 4. Determine k(y).
-17
Let g(j) = j - 6. Let b be g(16). Let r(y) = -y**3 + 10*y**2 + 4*y - 9. Let u be r(b). Let w = u + -30. Let d(t) = 13*t**3 - 2*t**2 + 1. Give d(w).
12
Let d(z) be the third derivative of -z**4/12 + z**3/3 - 2*z**2. Let x(y) = 3*y - 5. Let a(t) = -5*d(t) - 3*x(t). Calculate a(-7).
-2
Let i(w) = -18*w**3 + 2*w + 1. Suppose -u - 17 = 16. Let a be ((-2)/(-3))/(3 + u/9). Give i(a).
17
Suppose -3*v - 76 = v + 2*i, -3*v - 39 = -3*i. Let s = v + 17. Let j(y) = -y**3 - y**2 - 4. Determine j(s).
-4
Let a(h) = -3*h. Let u be (-15)/25*-5 - 10/(-2). Suppose -3*t + 4*m - 5 = 6, -u = 4*t - 2*m. What is a(t)?
3
Let s(o) be the first derivative of o**4/4 + 10*o**3/3 - 9*o**2/2 + 16*o + 149. Calculate s(-11).
-6
Let a(u) be the third derivative of -u**6/120 - 7*u**5/60 + 7*u**4/24 - 3*u**3/2 - u**2. Let k(v) = -2*v. Let p be k(4). Determine a(p).
-1
Let a = 49 - 46. Let n(t) = -4 + 0 - 2*t**2 - 5*t + a*t**2 - 2*t**2. Give n(-5).
-4
Let i(p) = -19*p**3 - 10*p**2 - 2*p + 3. Let q(b) = -7*b**3 - 4*b**2 - b + 1. Let j(z) = -3*i(z) + 8*q(z). Let w = -3 - -2. Determine j(w).
-2
Let y(a) = -a**3 + 5*a**2 - 4*a + 3. Let g(t) = -13*t - 86. Let j be g(-7). Give y(j).
-17
Let l(o) = o**2 - 2*o + 2. Suppose -3*b - 12 = 0, 3*a + 2*b + 5 = -0*b. Let q be (-4)/(-1)*1/a. Suppose -n = -3*n + q. Give l(n).
2
Let q(h) = -h + 1. Let l = -1 - -10. Suppose l*f + 6 = 8*f. Let d be (-4)/f*(-36)/24. Determine q(d).
2
Suppose -240 = -10*u + 5*u. Let m = -52 + u. Let k(j) = -j - 3. Determine k(m).
1
Suppose 6*a - 4*a = 5*c - 21, 3*c - 3*a = 18. Let d(o) = 5 + 16*o**2 + o**3 - 7*o**2 + o**2 + 6*o - c*o**2. Calculate d(-6).
5
Let y(p) = -p**3 - 4*p**2 - 4*p - 3. Let n be y(-3). Suppose -c = 5*s - 0*s + 13, 2*s + c + 7 = n. Let o(f) = -f**3 - f**2 + 2*f + 3. What is o(s)?
3
Let v(d) = 7*d**2 + 30494*d**3 + 2*d**2 + 5 - 30495*d**3 - 19*d. Determine v(5).
10
Let r(d) be the first derivative of 4*d**2 - 6*d - 233. Give r(0).
-6
Let z(n) = 0*n - 8*n + 3*n - 10*n + 3*n. What is z(-1)?
12
Let d be (-310)/(-248) + (-29)/4. Let f(b) = 3*b + 12. What is f(d)?
-6
Let l be (0 + 0)/(7 + -8). Suppose 5*n = -6*h + h, n - 4*h = l. Let s(i) = i**2 + i - 4. Calculate s(n).
-4
Let s(a) = -a**2 - 23*a + 43. Let c be s(-25). Let y(o) = o**3 + 8*o**2 + 7*o - 1. Determine y(c).
-1
Let w(k) = 14*k - 8*k + 531 - 532. Give w(2).
11
Suppose 0 = 9*f - 12*f - 99. Let y be 2*((-6)/f + (-236)/88). Let v(g) = -g**2 - 5*g + 4. Determine v(y).
4
Let s(j) = 2*j - 3. Let i(a) = 3*a + 3. Let d(t) = -i(t) + 2*s(t). What is d(14)?
5
Let v(r) = -r**2 + 7*r + 4. Let d be (11/(-2) + 1)*(-100)/15. Suppose -4 = -5*s + 6. Suppose s*o = -3*o + d. Give v(o).
10
Let j(w) = -w**3 - w**2 - w + 3. Let t be j(-2). Suppose t + 6 = 5*c - 5*s, 5*s = -4*c - 24. Let b(u) = 9*u**3 - u**2 - u - 1. Determine b(c).
-10
Let a be (10 + 1)/(-3 + 4). Let c be (-10)/15 - a/(-3). Let y(f) = -1 + 7 - 2 - 2*f - c. What is y(2)?
-3
Let n(z) = -z**3 + 6*z**2 - 6*z + 4. Let s = -134 - -139. Determine n(s).
-1
Let t(i) = -i**3 + 9*i**2 + 9*i + 14. Let h = -44 + 54. Give t(h).
4
Let v be (36/(-27))/((-1)/(-3)). Let d(j) = j**2 + 7*j - 1. Calculate d(v).
-13
Let t be 3*1/((18 - 9) + -10). Let o(r) = -3 + 2*r**2 - r + 0 - 3*r + r**3. Give o(t).
0
Let m(c) = -3*c - 4. Suppose 2*k - 3*i = 29, 3*k - 5 = -3*i + 1. What is m(k)?
-25
Let l be (-32)/15 - 4/(-30). Let w be 4/l - 3*-1. Let q(j) = 5*j**3 + 0*j**2 + 2*j - j**2 - 1 + 0 - j**3. Calculate q(w).
4
Let x(v) = -v**3 + v + 4. Let r = 97 - 89. Let m = -8 + r. Give x(m).
4
Let i(k) = k**3 + 4*k**2 + 8*k + 12. Suppose -19*x + 2*f = -22*x - 17, -8 = 2*f. Give i(x).
-3
Let j(p) be the first derivative of p**3/3 + 2*p**2 + p + 197. Give j(-3).
-2
Let f = -69 + 71. Let s(g) = -4 - 2 + 2 - f - 3*g. What is s(-4)?
6
Let d(c) = 4*c + 4. Suppose -5*w = 2*f - 23, 0*f - 25 = -4*w + 5*f. Give d(w).
24
Let u(y) = -29*y**3 - y - 1. Let b be ((-1)/((-6)/(-6)))/(0 + 1). What is u(b)?
29
Let k(v) = -6*v + 2. Let u(j) = -2*j**2 - 4*j - 2. Let z = -35 + 42. Suppose 1 = -4*w - z. Let c be u(w). Give k(c).
14
Let q(w) = 5*w**3 + w**2 - 1. Suppose 5*x = -5*s + 10, -3*s + 5*x - 7*x + 3 = 0. Give q(s).
-5
Suppose -17 = 2*w - 4*q - 1, 5*w - 25 = -3*q. Suppose 5*h = w*u + 2*h - 3, -3*h + 15 = 4*u. Suppose o + 8 = -u*o. Let d(g) = 2*g**2 - g - 1. Give d(o).
9
Let u(f) = -f**2 + 3. Let p(x) = -3*x**2 + 7*x + 32. Let g(j) = -p(j) + 5*u(j). Give g(-4).
-21
Suppose -i - 3*f + 328 = 0, i - 373 = -f - 43. Let u(m) = 5*m**2 + i*m + 5 - 326*m + 0*m**3 + m**3. What is u(-4)?
1
Let d be 2*(8/(-4) + 4). Suppose 0*n - 5 = 4*k - 5*n, 25 = d*k + n. Suppose -2*a = -0*l - 4*l + 8, -13 = a - k*l. Let t(q) = -2*q**2 + 2*q + 1. Give t(a).
-3
Let z(g) = -g**3 - 5*g**2 - 6*g - 64. Let b be z(-6). Let p(h) = h + 2. Calculate p(b).
10
Let m(y) = -y**3 - 6*y**2 - 8*y + 4. Let k be m(-4). Suppose 3*z = -k*z + 21. Let o(j) = j**3 - 3*j**2 - j + 3. What is o(z)?
0
Let x = 10 - 10. Suppose 0 = -h - x + 2. Let o(t) = -t - t - h*t - 2 + 5*t. Give o(-2).
-4
Let i(j) = j - 1. Let a be -4 - ((-3 - 14) + 2). Suppose -f + a = 10. Let s be 0 + f + -4 + 3. Calculate i(s).
-1
Let v(w) = -8*w**3 - 2*w + 1. Suppose -4*t = -3*a - 0*a - 52, a + 4 = 0. Suppose 14*f - t*f - 16 = 0. Let r be 4*f/8 - 1. What is v(r)?
-9
Let r(s) = -s + 11. Let n(z) = 4*z**2. Let k be n(-1). Let d be -3 - (1 - k - 0). What is r(d)?
11
Let z(l) be the first derivative of l**2 + l + 1. Suppose 20 = 2*f - 6*f, 4*c - 29 = f. Let d be ((-20)/(-60))/((-4)/c - -1). Calculate z(d).
3
Let w(o) = -o - 2. Let d be (-4 + 0)/(0 - (2 + 0)). Let n be d/28*6*7. Determine w(n).
-5
Let a(k) = k - 4. Let x be (-13 - (-9 + 5))/(-3). Let d be 5 - (0 - (-2 - x)). Determine a(d).
-4
Let f(i) = 4*i - 29. Let a(n) = n. Let m(r) = -5*a(r) + f(r). Give m(-14).
-15
Let a(s) be the third derivative of 0*s + s**2 + 3/40*s**5 + 1/24*s**4 + 0*s**3 + 0 - 1/720*s**6. Let n(l) be the second derivative of a(l). Give n(5).
4
Let i(h) be the second derivative of 2*h + 5/2*h**2 + 0 - 1/6*h**3. Let l be i(5). Let c(m) = m**3 - m**2 - m - 9. What is c(l)?
-9
Let x(o) = 4*o + 0*o**2 - 2 - 3*o - o**2. Let w = 84 + -86. Let b be ((3 - 2) + w)*(-2 + 2). Determine x(b).
-2
Let w(c) = c**2 - 10*c + 10. Let m(l) = 4*l**2 + 3*l - 1. Let i be m(-2). Give w(i).
1
Suppose -5*y - 5*s + 75 = 0, 16 = 3*y - 4*s - 15. Let f(o) = o - 9. What is f(y)?
4
Suppose 44*f = -39 - 181. Let h(n) = 4*n + 6. Determine h(f).
-14
Let x(g) = 5*g**3 - 2*g**2 + 3*g - 1. Let w be x(1). Suppose w = 3*n - 13. Let s(m) = -m + 14. Give s(n).
8
Suppose -10*k + 24*k + 70 = 0. Let r(z) = -z**2 - 6*z - 8. What is r(k)?
-3
Let i(z) = -3*z + 3. Suppose 3*x = 5*x - b + 11, 3*b - 30 = 5*x. What is i(x)?
12
Let b(z) = 2*z - 1. Let k(c) = -5*c**3 + c. Let o be k(-1). Suppose 2 = -2*s - o. Give b(s).
-7
Let n(c) be the second derivative of c**5/10 + 5*c**4/12 + c**3/3 + c**2/2 - 64*c. What is n(-3)?
-14
Let f(o) = o**2 + o - 1. Let y(k) = -k**3 - 9*k**2 - 3*k + 7. Let s(z) = 6*f(z) + y(z). Determine s(-4).
5
Let k(l) be the second derivative of 4/3*l**3 + 0 + 3/2*l**2 - 8*l + 7/12*l**4 + 1/20*l**5. Let j(r) = r**2 - 6*r - 1. Let b be j(5). What is k(b)?
-9
Let i(p) = -5*p**3 + 12*p**2 - 11. Let a(v) = -6*v**3 + 13*v**2 - 12. Let x = 11 + -4. Let s(r) = x*i(r) - 6*a(r). Calculate s(-6).
-5
Suppose -3*k = -5*o + 2, 0 = 4*k + k + o - 6. Let j(d) = -1 - 7*d + 0*d - k + 1. Suppose -3*c = i - 1, -3*c + 4*i = 22 - 3. Give j(c).
6
Let v(c) = c**3 + 4*c**2 - 9*c - 9. Let x be v(-